{"id":7,"date":"2020-02-11T11:52:14","date_gmt":"2020-02-11T11:52:14","guid":{"rendered":"http:\/\/galvezarquitectura.com\/?page_id=7"},"modified":"2020-02-11T19:27:35","modified_gmt":"2020-02-11T18:27:35","slug":"acerca-de","status":"publish","type":"page","link":"https:\/\/galvezarquitectura.com\/index.php\/acerca-de\/","title":{"rendered":"Formaci\u00f3n acad\u00e9mica"},"content":{"rendered":"\n<p>Arquitecto t\u00e9cnico por la UPC  Universitat Polit\u00e8cnica de Catalunya<\/p>\n\n\n\n<p>Graduado en Edificaci\u00f3n por la UIB  Universitat de les Illes Balears<\/p>\n","protected":false},"excerpt":{"rendered":"<p>Arquitecto t\u00e9cnico por la UPC Universitat Polit\u00e8cnica de Catalunya Graduado en Edificaci\u00f3n por la UIB Universitat de les Illes Balears<\/p>\n","protected":false},"author":1,"featured_media":0,"parent":0,"menu_order":0,"comment_status":"closed","ping_status":"closed","template":"","meta":[],"_links":{"self":[{"href":"https:\/\/galvezarquitectura.com\/index.php\/wp-json\/wp\/v2\/pages\/7"}],"collection":[{"href":"https:\/\/galvezarquitectura.com\/index.php\/wp-json\/wp\/v2\/pages"}],"about":[{"href":"https:\/\/galvezarquitectura.com\/index.php\/wp-json\/wp\/v2\/types\/page"}],"author":[{"embeddable":true,"href":"https:\/\/galvezarquitectura.com\/index.php\/wp-json\/wp\/v2\/users\/1"}],"replies":[{"embeddable":true,"href":"https:\/\/galvezarquitectura.com\/index.php\/wp-json\/wp\/v2\/comments?post=7"}],"version-history":[{"count":3,"href":"https:\/\/galvezarquitectura.com\/index.php\/wp-json\/wp\/v2\/pages\/7\/revisions"}],"predecessor-version":[{"id":100,"href":"https:\/\/galvezarquitectura.com\/index.php\/wp-json\/wp\/v2\/pages\/7\/revisions\/100"}],"wp:attachment":[{"href":"https:\/\/galvezarquitectura.com\/index.php\/wp-json\/wp\/v2\/media?parent=7"}],"curies":[{"name":"wp","href":"https:\/\/api.w.org\/{rel}","templated":true}]}}

Formación académica

<p>Arquitecto técnico por la UPC  Universitat Politècnica de Catalunya</p>



<p>Graduado en Edificación por la UIB  Universitat de les Illes Balears</p>

<p>Arquitecto técnico por la UPC Universitat Politècnica de Catalunya Graduado en Edificación por la UIB Universitat de les Illes Balears</p>
